15
What is the value of (3 - 6) + (-2 - -10 - 24)?
-19
-3 + (3 - 6) - (3 + -2 + 2)
-9
What is the value of -7 - (-24 - (0 - 23) - (0 - -15))?
9
Evaluate (-4 + -1 - 0) + 5 + 22 + -28.
-6
(6 - 10) + -12 + (0 - -12)
-4
Calculate (-2 - -12) + (18 - 16).
12
Evaluate -8 + 11 + -2 - -2 - -1.
4
Calculate 1 - (6 + -1) - (-11 + 20 + -10).
-3
10 + 109 + -33 + -46
40
What is (6 - 2) + (6 - -1 - 15) + -1?
-5
What is the value of 18 + (-14 - (4 - (-1 - -13))) + 3?
15
-7 + ((-4 - 3) + -2 - (2 - 1))
-17
-70 + 67 + -38 + 16
-25
What is the value of (0 - -2) + 6 + -21?
-13
What is -1 + 0 + 2 + (-22 - (25 - 41))?
-5
Evaluate (-1 - -2) + 0 - (-15 - (-14 - -11)).
13
Evaluate -14 - (11 - (-14 - -15) - 40).
16
(-1 - -10 - (-12 + 13)) + 19 + -14
13
Evaluate 7 - ((-6 - 2) + 6 + 14) - -4.
-1
What is -1 + -6 + (27 - (13 - -7)) - -12?
12
What is the value of -145 - -166 - (1 - -35)?
-15
Evaluate 20 + -5 + 3 + -3 + -9.
6
What is the value of -36 + (1 - (-3 - 16))?
-16
Calculate 24 + (-4 - -5 - -6 - 16 - -2).
17
What is the value of (6 - (-7 + 6)) + -2 + 3?
8
What is 5 + 6 + (-1 - (3 - -2)) + 0?
5
Evaluate (12 - 22) + 6 + 1 + 23 + -6.
14
What is the value of 146 + -127 - (16 - 0)?
3
Calculate (-16 - (13 + -20)) + (-4 - -17).
4
What is the value of 20 + -18 - (-2 - -5)?
-1
2 - (-103 - -99 - (0 + 10))
16
Calculate -7 - (-13 - -6) - (3 + 3) - 15.
-21
Evaluate -9 + (3 + -8 + (-5 - -9) - 8).
-18
Evaluate 0 + 1 + (15 - -10) + -35 + 33.
24
Calculate -3 + -12 + (10 - (-71 + 40)).
26
What is the value of 0 + (4 - 15) + (-29 - -33)?
-7
What is the value of -1 + (1 - 0) + 36 + -6 + -28?
2
Calculate -16 + 0 - (5 - 5 - 1 - 5).
-10
(45 - 52) + 0 + 26 - (10 + 0)
9
Calculate 24 - -1 - 11 - 40.
-26
What is the value of (0 - (12 + -2)) + 10 + 1 - -18?
19
What is -5 + -5 + -4 + 0 + 11?
-3
Evaluate 18 - 7 - (10 - (2 + 0) - 1).
4
-9 - (1 - 4) - ((22 - 58) + 17)
13
Calculate -1 - (11 + 4 + (-13 - -5)).
-8
What is (-5 + 0 + (-117 - -121) - 3) + -3?
-7
-10 + (0 - -17) + -21
-14
Evaluate 0 + 1 + -4 + 12.
9
Evaluate 9 - 1 - (16 - 26 - -13).
5
Evaluate -21 - 1 - (-92 + 60 + 21).
-11
Evaluate -1 + 6 + 13 + -24 - -3 - -7.
4
(1 - 3) + (0 - -2) + -6 + 11
5
What is the value of 0 + 22 + 324 + -357?
-11
What is the value of -4 + 13 + 12 + -40 + 4?
-15
What is 3 - ((-1 - 3) + (5 - 6)) - 4?
4
Evaluate -13 - (-21 + -2 + -1 - -16).
-5
Calculate 2 + 20 - (21 + -20 + 6).
15
Evaluate -23 + (77 - (-17 + 56)).
15
What is 8 - -1 - (-24 - (-30 + 11))?
14
What is the value of -151 + 148 + 0 + 0 + 4 + -9?
-8
Calculate -8 - (-4 + 8 - (8 - (-7 + 4))).
-1
What is (13 + -25 - -29) + -12?
5
What is 4 - (-3 + (-14 - -9))?
12
-24 + (0 + -2 - (-4 + -4) - -2)
-16
(-4 - ((3 - (-4 + 23)) + 8)) + 3
7
What is the value of -1 + (-11 - (1 - (1 - -5) - -4))?
-11
What is the value of 11 - (8 - (1 + 4) - 3)?
11
Calculate 3 - 13 - 6 - -8.
-8
(4 - 15 - -2 - -20) + -5
6
Evaluate -5 + 0 + -4 + (-2 - -8) + 16.
13
88 - 92 - (-6 - (-3 - -7))
6
1 - 14 - (-107 + 107)
-13
Calculate (9 - (-17 + 32 + -1)) + -8.
-13
-45 - (-14 - (38 - -15))
22
(-21 - 2) + 30 + -1 + 4
10
Evaluate -283 - -285 - (-2 - (3 + -1)).
6
-3 + -5 - (-108 + 101)
-1
Evaluate -1855 + 1846 + (9 - (-1 - -1)).
0
What is the value of -12 + 20 + (33 - 45)?
-4
What is the value of 27 + (-25 - -44 - 34)?
12
Calculate -8 + (-4 - -2) + 1 + -1571 + 1570.
-10
-3 - (3 + -7 - -2) - (3 - 1)
-3
17 + (-9 - -17) + -1
24
What is the value of 9 - (11 + 4) - (-5 + (4 - 2))?
-3
What is the value of (-1235 - -1248) + (-6 - 0 - 1)?
6
What is -19 + 30 + (-9 - -4) + 5 + -6?
5
Evaluate 0 - (0 - ((13 - 7) + 1 + -2)).
5
(21 - 10) + -1 + -2 - (234 + -229)
3
What is -6 + 15 + -6 + (-9 - -8)?
2
What is (-7 - 8 - -6) + 2 + -3?
-10
Evaluate 27 + (0 - (1 - 6 - (-40 - -30))).
22
Evaluate -12 - (4 - 0 - 9 - -5).
-12
Calculate -2 - -10 - -1 - (-29 + 29).
9
What is the value of (0 + -9 - -7) + 2 + 4?
4
What is 472 - 462 - (-1 - 7)?
18
What is the value of 0 + 4 + (24 - 21) + 5 + -7?
5
What is the value of -3 + (11 - 8) + 6 + 4?
10
-2 - -16 - -7 - 16
5
What is (1 - -14) + (-1 - -24 - 29)?
9
What is -16 - (-1 + -2) - (6 - (18 + -13))?
-14
What is 20 + 18 - 38 - -12?
12
What is 0 - (5 + -1 - (22 - 16) - -4)?
-2
Calculate 3 - (-38 - (-22 + -4) - (0 - -13)).
28
(3 - 0) + (3 - (14 + -2))
-6
Evaluate -32 + 30 + (-15 - 0) + -3 + 0.
-20
-6 + (-19 - 5) + (13 - 1)
-18
What is (1 - 1 - 0) + (6 - 4)?
2
What is the value of -8 + (8 + 1 - -2) - 8?
-5
What is the value of 31 + (-4 - 4 - 45)?
-22
Calculate 11 - 49 - -51 - (1 - -16).
-4
33 - 43 - (2 + -13)
1
Calculate -10 + 14 + -18 - (0 + -10).
-4
What is 62 - (18 + 7 + 7)?
30
What is (12 - 6) + -1 + -2 + -3 + -6?
-6
Calculate 18 + (14 + 0 - 31).
1
-15 + (-6 - (-72 + 29))
22
(-17 - -7) + 3 + 12
5
-9 + 3 - (-37 + 21)
10
Evaluate -11 + 15 + -23 + 0.
-19
(21 - 15) + (-2 - 2) + (-4 - -2)
0
8 + -2 + (-5 - 1) - 8
-8
What is the value of 1 - -3 - (-6 - ((11 - 3) + -13))?
5
Evaluate (7 - (3 + -5 + 3)) + (-20 - -7).
-7
Calculate (1 - -27) + -69 + 40.
-1
What is (8 + -2 - 13) + -9 - -5?
-11
Evaluate -1 + (3 - (4 - 9)) - 1.
6
What is (-6 - -23) + -7 - (-1 - -7) - 11?
-7
What is the value of 1 + -5 - (360 + -359)?
-5
204 + -171 + (-16 - 0)
17
-15 + 41 + -20 + 7
13
Evaluate -3 + 1 + (1 - ((19 - -2) + 0)).
-22
12 + (-20 - -10) + -10 + (-5 - 1)
-14
Calculate -10 - 2 - (-11 - (-6 - 0)).
-7
Evaluate 2 + 19 - (30 + 0).
-9
Calculate (-8 - 0 - -15) + 4.
11
What is 2 + -2 + -2 + (27 - 18)?
7
Calculate -25 + (45 - 1 - 15).
4
-17 - (13 + -5 - 21)
-4
Evaluate -47 + 65 + -45 + -5.
-32
Calculate -14 + 1 + -13 + 20.
-6
26 + (21 - 23) + -20
4
What is the value of 21 - 0 - (63 - (31 - -31))?
20
Evaluate 3 + 2 + 6 + 4 + -5 + 1.
11
-23 + 1 - (-3 + -7)
-12
-6 - (-8 + 5 - (-1 + 6 + -6))
-4
Calculate 3 - (3 + -4 + 6).
-2
(38 - -4) + (-81 - -56)
17
What is 0 - (-35 + 6 + -4 + 7 + 1)?
25
What is the value of -1 + 19 + (21 - 13)?
26
Evaluate 9 + 7 + -18 + (-11 - 7).
-20
What is (-2 - (6 + -7 - 1)) + 4 + -16?
-12
(-21 - (-29 + 6)) + -41 + -1
-40
-2 - (9 + -2) - ((-33 - 0) + 24)
0
9 - (3 + -4 - (-16 - -9))
3
Evaluate (-5 - 4) + -1 + (4 - 3) + 6.
-3
Calculate 28 + (-2 - (-5 + (-3 - -15))).
19
What is the value of -2 - (-10 - (3 + -8 - -8))?
11
25 + -6 + (-17 - -11)
13
Evaluate 1 - (6 + -6 - (-1 + -4) - 5).
1
Evaluate (1 - 14) + 157 + -146.
-2
-14 + -35 + 19 - -14
-16
Evaluate (-1 + 4 - -2) + (-27 - -14).
-8
What is the value of (3 - 6) + -17 + (3 + -20 - -21)?
-16
What is 10 - 2 - 5 - 13 - 4?
-14
Evaluate 12 + 1 + (-5 + 27 - 2).
33
What is the value of 8 - 7 - (-1 - (4 + 5))?
11
What is (-1 - (-3 + (-4 - -6))) + -18?
-18
What is the value of 31 + (7 - 7 - 12)?
19
Calculate (21 - (23 - 47)) + -14 + -1.
30
Evaluate 12 + 0 + -1 + (1 - 3).
9
What is the value of -1 + 3 - (-139 + 135)?
6
What is the value of -4 + (5 - -5) + (-2 + 1 - 5)?
0
Evaluate 33 - (-19 + 11 + 14).
27
Evaluate 145 + -125 + (-4 + 0 - (-10 + 7)).
19
Evaluate -1 + 5 + 1 + (5 - 4).
6
9 - (14 - (-5 - -17))
7
What is -18 + 26 + -4 + (0 - -2)?
6
-25 + (33 - 15 - -3)
-4
Calculate (1 - 4) + (-3 - -8) + -3 + 2.
1
What is the value of (-17 - (-21 + 15)) + 1?
-10
Evaluate 42 + 1 + (136 - 180).
-1
-21 + 10 + 25 + -10 - -8
12
105 - 33 - 43 - 19
10
-25 + -32 + (-32 - -79)
-10
Evaluate -4 - (5 + -28) - 28 - -29.
20
What is 1 - 12 - (1 + -3) - (3635 + -3633)?
-11
What is the value of 0 + 10 - (-6 - (-12 - -1)) - -9?
14
What is the value of 0 + -7 - (-121 + 107)?
7
Evaluate 4 + 3 + -23 + 22.
6
What is 3 + (5 + (9 - 12) - -7)?
12
What is the value of 1 + -8 + 8 + (18 - 32)?
-13
What is (-7 - -11) + (5 - (7 + -3))?
5
Evaluate 1 - (-10 - ((9 - 6) + -3)).
11
What is the value of 13 - ((-16 - -9) + 11 + 7)?
2
(7 - (1 + 2)) + (7 - (1 - -10))
0
-7 + (12 + -1 - -9) + -6
7
Calculate (-36 - -27) + 10 + 1 + (1 - -7).
10
What is the value of 7 + -4 + 75 + -58?
20
Calculate 5 + (15 - (2 + 0 + 4) - 17).
-3
Calculate -3 - (-5 - (7 + -11 - 2)).
-4
What is the value of 19 - 12 - (7 - 13)?
13
Evaluate 1 + 3 + 10 + 3 + (-4 - 2).
11
What is 9 - (-8 - (-7 + (-4 - (4 - 7))))?
9
Evaluate -15 + (-15 - 5) + 32.
-3
Evaluate 12 + (-22 - -12) - 17.
-15
Evaluate (6 - (-8 + 16)) + 7 - 4.
1
Calculate 1 + -8 + 3 + -1 + -54 + 59.
0
What is -4 - (-10 - -1 - 0)?
5
Calculate -4 - (3 + (0 - -3)) - (-6 - -8).
-12
Evaluate -1 + 3 - 4 - (19 + -8 - 10).
-3
Evaluate -1 - (-18 - (16 + -6 - (11 + -3))).
19
What